ghest common divisor of r and n?
7
Let k be ((-3)/(-2))/(1/(-2)). Let c be 4 - k*(-1)/3. Let z be (20/c)/((-2)/(-21)). What is the highest common divisor of z and 14?
14
Let i = -1 - -9. What is the greatest common divisor of 4 and i?
4
Let l(g) be the second derivative of 91*g**4/12 - g**3/3 + g**2/2 - 3*g. Let b be l(1). What is the highest common divisor of b and 10?
10
Suppose -3*z + 259 = -2*z. Suppose 4*w + 126 = 2*n, 3*n + 2*n = -4*w + z. Calculate the highest common factor of n and 11.
11
Suppose r - 26 = 4*u, 0 = 3*u - 0*u + 4*r + 10. Let t(m) = -29*m - 6. Let s be t(u). What is the greatest common factor of s and 21?
21
Let f be (1 + 71)*(2 + -1). Suppose 0 = -2*n - n + f. Suppose 61*a - 12 = 57*a. What is the highest common factor of n and a?
3
Suppose 19 = 3*n - 83. Calculate the greatest common factor of 85 and n.
17
Suppose -3*a + 12 = -15. What is the highest common factor of a and 27?
9
Let k be (-6)/3 - (-7 - -2). Calculate the greatest common factor of k and 15.
3
Suppose 148 + 35 = 4*n + 3*u, 0 = 3*n + u - 136. Let m be 1/(-2) - (-38)/4. Calculate the highest common factor of m and n.
9
Let n = -9 - -23. Let g be ((-72)/n)/((-3)/14). Calculate the greatest common factor of 8 and g.
8
Suppose 2*o = -2*b + 18, 0 = -o - 5*b - 0 + 17. Let k = -4 + o. Let c = k - -2. What is the greatest common divisor of c and 20?
5
Let t = -146 - -216. Suppose 2*n = -4*x + x + 34, 4*n + 42 = 5*x. Calculate the greatest common factor of t and x.
10
Let w(d) = -d**3 + 4*d**2 - 3*d. Let k be w(3). Suppose k = -5*h + 15 + 15. Let l = 105 + -51. Calculate the highest common factor of h and l.
6
Let j = 14 + 2. What is the highest common factor of 4 and j?
4
Let s be (-16)/(-10) - 2 - (-2754)/85. Calculate the highest common factor of s and 4.
4
Let w = 19 - 4. Let b = w - 3. What is the greatest common factor of b and 60?
12
Suppose 0*w + 4*w = -4*q + 100, 0 = q + 5. What is the greatest common factor of 210 and w?
30
Suppose p - 2*w = 8, p + w = 2*p - 11. What is the highest common divisor of p and 126?
14
Let u(p) = p + 2. Let v(k) = -k**2 + 3*k - 3. Let w be v(3). Let r be (1 - 13)*w/6. Let s be u(r). Calculate the greatest common divisor of s and 8.
8
Let u(i) = -5*i**2 - 5. Let g(x) = 11*x**2 + x + 11. Let s(v) = -2*g(v) - 5*u(v). Let k be s(-3). Let j = 5 + 7. What is the greatest common divisor of j and k?
12
Let x(c) = -c**3 - 21*c**2 + 19*c - 45. Let y be x(-22). What is the highest common divisor of y and 42?
21
Suppose 0 = 3*p + 3*g + 66 - 357, 5*p - 3*g = 509. What is the greatest common factor of p and 20?
20
Suppose 6*s - 90 = 3*s. Let m(v) = 3*v + 3. Let a be m(1). Calculate the greatest common divisor of s and a.
6
Let g(b) = b**2 - 6*b - 10. Let o be g(8). Calculate the highest common factor of o and 3.
3
Let i be -2 + -1 + 3 + -410. Let l = -274 - i. Let x = -26 - -43. Calculate the highest common factor of l and x.
17
Suppose 0 = 2*t - y - 139, 0*y = 5*t + 2*y - 370. Let l be 2/(-1 + (-10)/(-8)). Let h = 1 + l. Calculate the highest common factor of h and t.
9
Let d be 249/12 + (-3)/(-12). Let x be 4*d - -2*1. Suppose 4*i - 194 = x. Calculate the greatest common factor of 10 and i.
10
Let y(l) be the third derivative of 3*l**5/20 - l**4/8 - l**3/3 + 8*l**2. Let v be y(-3). What is the greatest common factor of 11 and v?
11
Suppose 1 - 21 = -5*k. Suppose 16 = k*g - 0*p + p, 4*g = 5*p + 16. What is the highest common factor of 4 and g?
4
Let s = -26 - -29. What is the highest common factor of 6 and s?
3
Let w(u) = u**2 + 5*u + 6. Let s be w(-4). Suppose 0 = -4*p + 2*p + 6. Suppose -s*c - 85 = -p*c. Calculate the highest common factor of 34 and c.
17
Let p be (-1)/(-1 + (-4)/(-6)) + 20. Calculate the greatest common divisor of p and 46.
23
Suppose 2 = 2*w, 5*w - 2*w + 41 = 4*u. What is the greatest common divisor of u and 3?
1
Let q be (4*15/20 - 2)*210. What is the greatest common divisor of q and 30?
30
Let s(z) = z**3 + 4*z**2 - 7*z - 6. Let g be s(-5). Suppose 0*v + 4*v + 624 = 4*b, 0 = 3*b + g*v - 454. What is the highest common factor of 14 and b?
14
Suppose 3 + 7 = -5*q. Let i = q - -6. Suppose 0 = i*m - m - 357. Calculate the highest common factor of m and 17.
17
Suppose -4*j = -9*j + 260. Calculate the highest common factor of j and 13.
13
Let g(u) = 6*u**2 - 4*u + 7. Let y be g(-5). Suppose 2*o + f = 155, -214 - y = -5*o + f. What is the greatest common divisor of 13 and o?
13
Suppose 0 = -2*p - 0*p + 14. Let y(v) = -v**3 - 1. Let a be y(-1). Suppose -c + 32 + 31 = a. Calculate the highest common divisor of c and p.
7
Suppose k = 14*k - 65. Let q = 1 + -2. Let r be (-1)/(q/((-1)/(-1))). What is the highest common divisor of r and k?
1
Let j be 1/(-2)*0 - -30. Suppose 4 = -t + 19. Calculate the highest common factor of j and t.
15
Let w(n) = -11*n + 3. Let g be w(-3). Let d = 19 - 10. Calculate the greatest common factor of g and d.
9
Suppose 8 = -3*q + 47. Suppose 257 - 49 = 2*c. What is the greatest common factor of q and c?
13
Suppose -9*x + 6*x + 108 = 0. Calculate the greatest common divisor of 24 and x.
12
Let k be -4 + 11 + (2 - 2). Calculate the highest common factor of 1 and k.
1
Let l be (-8)/(-44) - (-3560)/22. What is the greatest common divisor of l and 18?
18
Let p(t) = 2*t + 12. Let d be p(0). What is the greatest common factor of 96 and d?
12
Let c be -1 + 1 + 36/1. Calculate the greatest common factor of 18 and c.
18
Suppose 3 = -3*n + 18. Suppose 2*s + s = 3*y + 2445, 2*s - 1645 = n*y. Suppose 0 = -3*j - 2*j + s. Calculate the greatest common divisor of j and 18.
18
Let w(d) = d + 5. Let g be w(-4). Let o be 1 + (g + 0)*1. Let h be ((0 - 4) + 2)*-7. Calculate the highest common factor of o and h.
2
Suppose 4*m = 2*m + 36. Calculate the highest common factor of m and 6.
6
Let v be 15/(2/(-1) - -3). Let s(c) = -4*c + 2. Let n be s(-1). What is the highest common factor of v and n?
3
Suppose 0*g = -6*g + 24. Suppose 4*h + 5*k - 15 = 3*h, 0 = 5*h - k + 3. Suppose 0*f - g*f + 256 = h. Calculate the greatest common divisor of f and 16.
16
Let v(c) = c**2 - 4*c + 14. Let m be v(0). What is the greatest common factor of 14 and m?
14
Suppose 66 = 2*o + 18. Let s = -22 + -36. Let c = 178 + s. What is the highest common divisor of o and c?
24
Suppose -x = u + 27, 3*u - x + 6*x = -83. Let p be u/(-3) - 1/(-3). Let v(o) = -81*o. Let h be v(-1). Calculate the highest common factor of p and h.
9
Suppose 0*x + 1100 = 5*x. What is the highest common divisor of 20 and x?
20
Let p(g) = -48*g - 1. Let w = -10 + 7. Let n be p(w). What is the highest common divisor of n and 13?
13
Suppose -4*x + 40 = -0. Let o = 65 - 37. Let w = -8 + o. What is the greatest common divisor of w and x?
10
Suppose 0 = -10*n + 3*n + 245. Calculate the greatest common divisor of n and 7.
7
Let m be (-58)/(-18) - 6/27. Suppose -5*p + 5*h + 4 = -2*p, 0 = -2*p + 3*h + m. What is the highest common divisor of 15 and p?
3
Let p(f) be the third derivative of -f**6/120 + f**5/30 + f**4/8 + 2*f**3/3 - 6*f**2. Let u be p(3). What is the highest common divisor of 32 and u?
4
Suppose -d + 15 = -0*d. Calculate the greatest common factor of d and 10.
5
Let p be (-237)/(-9) + (-10)/(-15). Calculate the greatest common factor of p and 108.
27
Suppose -3*o + 45 = 2*c, -3*c = -2*c. What is the greatest common divisor of 5 and o?
5
Suppose -2*w + 2*k + 4 = 0, -k + 2*k - 4 = 0. Let o be w/(20/8 + -1). What is the greatest common divisor of o and 4?
4
Let h(p) = 41*p**2 - 1. Let r = 1 - 0. Let y be h(r). Suppose 0 = -2*u + 3*u - y. What is the highest common divisor of u and 5?
5
Suppose l = 5*w - 66, -w + 22 = -0*l + 2*l. Calculate the greatest common factor of w and 168.
14
Suppose -5*j = 4*d - 45, 3*d = d - 5*j + 35. Calculate the highest common factor of d and 2.
1
Let t(b) = b + 1. Let n be t(2). Suppose 4*s - 20 = n*s. What is the greatest common divisor of s and 10?
10
Suppose 0*g - 4*g = -3*r, -r = -3*g + 5. Let y be g/6 + 47/2. What is the highest common factor of y and 12?
12
Suppose 954 = 2*r + 4*g, -r + 2*g = 3*r - 1908. What is the greatest common factor of r and 53?
53
Let o(t) = t + 44. Let l be o(0). What is the highest common divisor of l and 22?
22
Suppose 12 = 2*j - 5*k, 11 = j - 2*k - 3*k. Suppose -3*b - 2*u = -j, -b - 3*u = b - 9. Let i be (-64